{"id":46,"date":"2025-05-29T20:08:47","date_gmt":"2025-05-29T18:08:47","guid":{"rendered":"http:\/\/urebanknaxertes.de\/?page_id=46"},"modified":"2025-07-06T21:04:26","modified_gmt":"2025-07-06T19:04:26","slug":"merch","status":"publish","type":"page","link":"https:\/\/urebanknaxertes.de\/?page_id=46","title":{"rendered":"Merch"},"content":{"rendered":"\n<figure class=\"wp-block-image size-full\"><img decoding=\"async\" src=\"http:\/\/urebanknaxertes.de\/wp-content\/uploads\/2025\/07\/UreBankMerch.png\" alt=\"\" class=\"wp-image-97\"\/><\/figure>\n\n\n\n<p>Wir vertreiben folgende Produkte:<\/p>\n\n\n\n<ul class=\"wp-block-list\">\n<li>Zwei verschiedene Tassen<\/li>\n\n\n\n<li>Luftf\u00e4cher &#8211; womit sie jede Konfrontation <s>\u00fcberleben<\/s><\/li>\n\n\n\n<li>Baumwollgelds\u00e4ckchen &#8211; von freiwilligen Untoten gepfl\u00fcckt <\/li>\n\n\n\n<li>Buttons als Versicherungsbeleg<\/li>\n<\/ul>\n\n\n\n<p>Wir \u00fcbernehmen keine Haftung f\u00fcr eventuelle Fl\u00fcche, Besessenheit, spontane Zombiefizierung, Selbstentz\u00fcndung,  oder Mundgeruch!*\u00b2 <\/p>\n","protected":false},"excerpt":{"rendered":"<p>Wir vertreiben folgende Produkte: Wir \u00fcbernehmen keine Haftung f\u00fcr eventuelle Fl\u00fcche, Besessenheit, spontane Zombiefizierung, Selbstentz\u00fcndung, oder Mundgeruch!*\u00b2<\/p>\n","protected":false},"author":2,"featured_media":0,"parent":0,"menu_order":0,"comment_status":"closed","ping_status":"closed","template":"","meta":{"_themeisle_gutenberg_block_has_review":false,"footnotes":""},"class_list":["post-46","page","type-page","status-publish","hentry"],"_links":{"self":[{"href":"https:\/\/urebanknaxertes.de\/index.php?rest_route=\/wp\/v2\/pages\/46","targetHints":{"allow":["GET"]}}],"collection":[{"href":"https:\/\/urebanknaxertes.de\/index.php?rest_route=\/wp\/v2\/pages"}],"about":[{"href":"https:\/\/urebanknaxertes.de\/index.php?rest_route=\/wp\/v2\/types\/page"}],"author":[{"embeddable":true,"href":"https:\/\/urebanknaxertes.de\/index.php?rest_route=\/wp\/v2\/users\/2"}],"replies":[{"embeddable":true,"href":"https:\/\/urebanknaxertes.de\/index.php?rest_route=%2Fwp%2Fv2%2Fcomments&post=46"}],"version-history":[{"count":3,"href":"https:\/\/urebanknaxertes.de\/index.php?rest_route=\/wp\/v2\/pages\/46\/revisions"}],"predecessor-version":[{"id":98,"href":"https:\/\/urebanknaxertes.de\/index.php?rest_route=\/wp\/v2\/pages\/46\/revisions\/98"}],"wp:attachment":[{"href":"https:\/\/urebanknaxertes.de\/index.php?rest_route=%2Fwp%2Fv2%2Fmedia&parent=46"}],"curies":[{"name":"wp","href":"https:\/\/api.w.org\/{rel}","templated":true}]}}